der when r is divided by 62?
61
Let b(s) = s**2 + 14*s - 21. Let n be b(-15). What is the remainder when (-99)/6*4/n is divided by 4?
3
Let c(u) = u**2 - 15*u + 37. Let t(f) = -6*f - 5. Calculate the remainder when t(-4) is divided by c(13).
8
Let t = 733 + -367. What is the remainder when t is divided by 353?
13
Suppose -5*y - 31 + 111 = 0. Let n = y + -13. Calculate the remainder when 17 is divided by n.
2
Suppose 2*k - 8 = -2*x + 24, 4*k - 70 = 2*x. What is the remainder when 305 is divided by k?
16
Let b(q) = -54*q + 265. What is the remainder when b(4) is divided by 18?
13
Let l(n) = 2*n + 13. Let x be l(-9). Let w(d) = -d**3 - 4*d**2 + 2*d - 2. Calculate the remainder when 50 is divided by w(x).
11
Let i = 28 - 47. Let s(u) = 8*u - 18. Let g be s(6). Let p = i + g. What is the remainder when 30 is divided by p?
8
Suppose 4*p + 59 - 20 = h, -4*p - 12 = 0. Suppose -9*b + 6*b = -h. What is the remainder when b is divided by 6?
3
Let x be (-1)/2*(13 - 15). Let n be (-8 - 0)/(1/x). Calculate the remainder when 73 is divided by n/12*(-150)/4.
23
Let g be (-68 - -23)*4/6. What is the remainder when 118 is divided by (-324)/g + (-8)/10?
8
Let o = 22 - 5. Suppose o = 2*h - 23. Calculate the remainder when 59 is divided by h.
19
Suppose -2*z - 10 - 40 = 0. Let v = z - -47. Let q(k) = -k + 7. What is the remainder when v is divided by q(-5)?
10
Let x(a) = -a**2 + 5*a + 27. What is the remainder when 186 is divided by x(5)?
24
Let v = 801 - 719. Calculate the remainder when v is divided by 23.
13
Let o = -11 + 6. Suppose 0 = -2*b - 2*p + 36, 0 = -5*b + 2*p + 7 + 48. Let i = o + b. What is the remainder when 15 is divided by i?
7
Suppose -5*h = -h. Suppose n - 4*n + 15 = h. Suppose -n*k + 4 = -3*k. What is the remainder when 4 is divided by k?
0
What is the remainder when 259 is divided by (26/(-5))/(-2*(-4)/(-40))?
25
Let q(o) = o**2 - 2*o - 4. Let k(g) = -g**2 + 4*g + 9. Let f be k(6). Calculate the remainder when q(f) is divided by 3.
2
Suppose -10*j + 3*j - 429 = -1619. Let u(g) = g**3 + g**2 - g + 57. What is the remainder when j is divided by u(0)?
56
Let o be -2 - -1 - 3/(-1). Suppose o*d + 5*s = 269, -2*d + 4*d - 299 = 5*s. Calculate the remainder when d is divided by 36.
34
Let z = 194 - 86. Let j = 295 - z. What is the remainder when j is divided by 47?
46
Suppose 3*u + 414 = 5*r, 3*u - u - 172 = -2*r. Calculate the remainder when r is divided by 17.
16
Let l(j) = -12*j. What is the remainder when 25 is divided by l(-2)?
1
Let b = -218 - -250. Calculate the remainder when 148 is divided by b.
20
Let h = 6 - 9. Calculate the remainder when 49 is divided by ((-10)/h)/(8/60).
24
Let q(w) = 3*w**3 - w**2 - 3*w + 4. Let y = 28 + -26. Calculate the remainder when 161 is divided by q(y).
17
Let i = -18 - -30. Let t(g) = 6*g + 9. Calculate the remainder when t(6) is divided by i.
9
Suppose 133*o + 330 = 138*o. What is the remainder when 273 is divided by o?
9
Suppose 722*n - 723*n + 31 = 0. Calculate the remainder when 772 is divided by n.
28
Let n = 6 + 20. Let g = -164 + 241. What is the remainder when g is divided by n?
25
What is the remainder when 389 is divided by 1584/56 + 22/(-77)?
25
Let d(n) be the second derivative of n**3/6 + 13*n**2/2 - 2*n. What is the remainder when d(0) is divided by 8?
5
Suppose 10 = 2*s + 4, -2*a + 66 = 4*s. Let m = -5372 + 5390. What is the remainder when a is divided by m?
9
Let l(g) be the first derivative of -g**4/4 - 17*g**3/3 - 8*g**2 + 21*g + 13. What is the remainder when 60 is divided by l(-16)?
18
Let y = 248 + -166. Suppose -9*t + y = -377. Calculate the remainder when t is divided by 18.
15
Suppose 2*l - 40 = 4*l. Let o = -25 - l. Let r(y) = y**3 + 6*y**2 + y - 1. Calculate the remainder when 36 is divided by r(o).
17
Suppose -2*n + 38 = -d, 3*d = 5*n - 127 + 33. Let u(p) = 3*p - 6. Let r be u(3). What is the remainder when -1 + (r - -35 - -2) is divided by n?
19
Let i(f) = 35*f - 513. Calculate the remainder when 37 is divided by i(15).
1
Let b(s) = s**3 - 14*s**2 + 8*s - 11. Let g be b(14). Let x = -52 + g. Calculate the remainder when x is divided by (-4)/14 - 144/(-14).
9
Suppose -t - 5*v - 8 = 0, 5*t - 3*v = -4*v - 88. What is the remainder when 118 is divided by ((-9)/t)/((-2)/(-4))*24?
22
Suppose 5*m = 0, -3*m = l - 0*m - 1257. Calculate the remainder when l is divided by 12.
9
Let z = -108 + 118. Suppose 4*v + 165 = 4*h + v, 0 = -3*v + 15. Suppose 16 = -t + h. Calculate the remainder when t is divided by z.
9
Suppose 9*x + 4*x = 195. Calculate the remainder when 87 is divided by x.
12
Let z = 139 + -119. Calculate the remainder when 4/(-10) - (-3288)/z is divided by 28.
24
Suppose -3*a + 327 = 3*t, 3*a - 281 = -4*t + 48. What is the remainder when a is divided by 42?
23
Let z = 49 + 42. Let o = 164 - z. Let h = o - 43. Calculate the remainder when h is divided by 11.
8
Let b(k) = -3*k. Let c be b(-1). Let i be 5 + 6/(c/(-1)). Suppose -1 = -2*r - i*u, -3*r + 0*r - 5*u = 0. What is the remainder when 7 is divided by r?
2
Suppose h + 5*v = 12, 3*v - 6*v - 50 = -2*h. Suppose -2436 = -23*a - 19*a. What is the remainder when a is divided by h?
14
Suppose 5*t = 2*i - 4, 2*t + 9 - 29 = -i. What is the remainder when 25 - ((0 - 2) + 4) is divided by i?
11
Suppose 28*a = 26*a + 3*g + 520, -5*a + 1254 = 4*g. Calculate the remainder when a is divided by 17.
16
Let k(v) = v**3 + 7*v**2 + 8*v + 10. Let x be k(-6). Calculate the remainder when 2*(-1 - 1)*26/x is divided by 18.
16
Suppose 685 = 5*z + 715. Let y(d) = d + 2*d + d + d**2 + 7. Calculate the remainder when y(z) is divided by 10.
9
Suppose 0 = -2*o - 4*z + 118, o + 0*z = z + 53. Let c = o - -30. What is the remainder when c is divided by 22?
19
Suppose -25 = -0*g - 5*g. Suppose -5*q = 3*y - 35, -3*y - g + 0 = q. Let w(u) = 2*u**2 + 27*u - 17. Calculate the remainder when w(-15) is divided by q.
8
Suppose 100 = 4*d - 0. Suppose 0 = 3*p + 4*x - d, 4*p + x - 49 = -7. Calculate the remainder when p is divided by (-2)/(2/(-1)) + 5.
5
Let i(w) = -w**2 + 33*w - 74. What is the remainder when 329 is divided by i(28)?
65
Suppose -98*m = -109*m + 1221. What is the remainder when m is divided by 35?
6
Suppose -2*f = -3 - 17. Let d = f + -10. Suppose -3*h + 3*g + 21 = -33, 3*h + 3*g - 78 = d. What is the remainder when h is divided by 8?
6
Suppose 0 = 4*j + 3*f - 12, -j - 9 = -4*j - 5*f. Suppose 3*k - 270 = j*i, -2*k - 2*k + 357 = -i. What is the remainder when k is divided by 23?
20
Let q(y) = 52*y**3 + y**2 + 57 - 21*y**3 - 30*y**3 - 2*y**2. Let l(m) = 2*m**2 + 8*m - 4. Calculate the remainder when q(0) is divided by l(-6).
17
Suppose -5*i - 305 = 3*d, 4*d - 281 = 4*i - d. Let r = i - -83. What is the remainder when r is divided by 10?
9
Let p = 727 - 651. Suppose -5*m + 15 = 4*w, -5*w + 9 = 4*m - 3. What is the remainder when p is divided by m?
1
Let y(g) = 23*g - 2. Let u(p) = -2*p**2 - p + 24. Calculate the remainder when y(2) is divided by u(-3).
8
Suppose 7*r - 4*r - 30 = 5*v, 2*r + 18 = -3*v. Let k be 1 + (4 - (-2 - v)). Calculate the remainder when (45 - (4 - 8))/k is divided by 25.
24
Suppose -4 + 19 = 5*b. What is the remainder when 27 is divided by b?
0
Let b be 39/(-9) + (-16)/24. Let n(l) = -l**2 + 7*l - 4. Let v be n(4). Let r = b + v. What is the remainder when 6 is divided by r?
0
Let h(b) = 3*b**2 + 6*b - 6. Calculate the remainder when h(-5) is divided by 20.
19
Suppose -30 = w + 71. Let p = -45 - w. Let v = -33 + p. Calculate the remainder when v is divided by 13.
10
Calculate the remainder when (-37*1)/((-5)/10) is divided by 6.
2
Suppose 0 = -5*p + 27 - 7. Suppose -o + 1 = -p. Suppose -72 = -x + o*g, 2*g = -5*x - g + 220. What is the remainder when x is divided by 24?
23
Let w(y) = -2*y - 6. Let n be w(-7). Let x be (-84)/(-48) - 6/n. Let m(i) = 15*i**3 - i**2. Calculate the remainder when m(x) is divided by 4.
2
Let z(k) = k**2 + 4*k - 10. What is the remainder when 1799 is divided by z(4)?
17
Suppose i + 4*n - 9*n - 88 = 0, 0 = -i - 3*n + 48. What is the remainder when 308 is divided by i?
56
Let c = 264 - 250. What is the remainder when 117 is divided by c?
5
Let b(j) = j**2 - 2*j - 4. Let a be b(4). Suppose -4*z - a = 0, 0 = 8*p - 3*p - 3*z - 13. Suppose 33 = i + p*i. Calculate the remainder when i is divided by 4.
3
Calculate the